q(p) = 2*p**2 + 7*p + 30. Let c = 85 - 96. What are the prime factors of q(c)?
3, 5, 13
Suppose -82 = -4*c + 2*w, 4*c + 8 = 3*w + 91. Let a = c + 28. List the prime factors of (a/36)/((-2)/(-24)).
2
Let t = 11552 + 28371. List the prime factors of t.
13, 37, 83
Let r(h) = 3*h**2 + 23 + 15*h**2 - h**3 + 36*h + 3*h**2. List the prime factors of r(22).
331
Suppose 0 = -5*p - 0*p + 15. List the prime factors of 289/68*252/p.
3, 7, 17
Let p(g) = 5*g - 7. Let k be p(2). Suppose 639 = 2*d + 4*u - 1455, -5*d + k*u = -5170. List the prime factors of d.
17, 61
Suppose -61*p - 537*p + 4759808 = -15609866. What are the prime factors of p?
23, 1481
Let q(x) be the second derivative of -97*x**3/6 - 117*x**2/2 + 8*x - 3. What are the prime factors of q(-6)?
3, 5, 31
List the prime factors of 27482 - -2*3/(-4)*(-912)/171.
2, 5, 2749
Let v be 1*(36/15 + (-18)/(-30)). Suppose 5*d - 9*d - 5*y = -3667, -3*d = v*y - 2748. What are the prime factors of d?
11, 83
Let w = -305 + 312. Suppose -w*x + x + 2682 = 0. List the prime factors of x.
3, 149
Let d be (-126)/(-1071) + (-66)/(-17). What are the prime factors of (-192)/(16/d)*(-97)/3?
2, 97
Let c(i) = i**3 + 18*i**2 - 40*i - 23. List the prime factors of c(3).
2, 23
Suppose 5*z - 48956 = 2*g, -z - 142*g + 9748 = -137*g. What are the prime factors of z?
2, 2447
Suppose 28872 = 5952*n - 5946*n. List the prime factors of n.
2, 3, 401
Suppose 0 = 1887*i - 1834*i - 561641. List the prime factors of i.
10597
Let x = -8015 - -15053. List the prime factors of x.
2, 3, 17, 23
Let b = 17918 - 6828. What are the prime factors of b?
2, 5, 1109
Let w(n) = -n**3 + 10*n**2 - 14*n + 18. Let d = -44 + 38. Let s(g) = g**2 + 2*g - 16. Let o be s(d). List the prime factors of w(o).
2, 17
Let m(r) be the second derivative of -5*r**3/3 + 95*r**2 + 24*r + 4. List the prime factors of m(-37).
2, 5, 7
Suppose -2*f + 16*w - 11*w = 0, -4*w + 18 = 2*f. List the prime factors of 1799/f + (-41)/(-205).
2, 3, 5
Suppose -138 = 304*x - 306*x. Suppose -j + 3*w + 672 - x = 0, w = 3*j - 1825. List the prime factors of j.
3, 7, 29
Suppose 90 = -38*y + 394. Suppose 4*i - 468 = -y*i. List the prime factors of i.
3, 13
Let w = 9292 - 5247. List the prime factors of w.
5, 809
Let y = -75 - -132. Suppose 0 = 53*g - y*g + 236. Suppose 52 = 3*q - g. What are the prime factors of q?
37
Let q(c) = 20*c**2 + 47*c - 50. List the prime factors of q(7).
1259
Let f(d) = -2*d**3 - d**2 + 68*d + 762. List the prime factors of f(-29).
46727
Suppose -163 = -2*w + 5*n, -5*n + 281 = -w + 5*w. Suppose -4*x + d = -d - 76, -3*d = -4*x + w. List the prime factors of x.
2, 5
Let q(k) = k**3 - 16*k**2 + 16*k - 15. Let x be q(15). Suppose x = u - 5*u - 296. Let w = 182 + u. What are the prime factors of w?
2, 3
Suppose -14*n + 102 = 37*n. Suppose 336 = 2*z - n*g, -3*z + 0*g - 5*g + 472 = 0. List the prime factors of z.
2, 41
Suppose 4*m - 67 = -9*w, -18*m + 11 = w - 14*m. Let d be -1*1018/(2 + 0). List the prime factors of 2/w + d/(-7).
73
Let n = 84 - -4147. What are the prime factors of n?
4231
Suppose -191504 = 50*v - 58*v. What are the prime factors of v?
2, 11969
Let y = -5 - -13. Suppose -y*s - 16 = 24. List the prime factors of (-3 + 144)/(s + 8).
47
Let k(u) be the first derivative of 7*u**2 + 8*u + 94. What are the prime factors of k(33)?
2, 5, 47
Suppose 26*v - 30 = 16*v. List the prime factors of (-2304)/(-8) - (v + -2).
7, 41
Suppose 2*h - h - 30 = 0. Let z = 19 + h. Let k = z + 46. What are the prime factors of k?
5, 19
List the prime factors of (-4780608)/(-63) + 30/(-45).
2, 3, 12647
Suppose 635673 + 2637018 = 176*h + 717875. What are the prime factors of h?
2, 19, 191
Let p(h) = 40*h - 9. Suppose 0*u - 32 = -8*u. List the prime factors of p(u).
151
Let p = 43842 + -29892. List the prime factors of p.
2, 3, 5, 31
Let d(j) be the third derivative of j**5/12 - j**4/24 + 8*j**3 - j**2 - 43. What are the prime factors of d(0)?
2, 3
Let w(x) = x**3 - 57*x**2 + 125*x + 1549. What are the prime factors of w(61)?
2, 23, 523
Let g(q) = 2*q + 14. Let s be g(-5). Suppose 75 = s*m - 9*m. List the prime factors of (-4 + -7)/(5/m).
3, 11
Suppose 5*u - 47 = 4*y, 2*u - 4 = -y - 2*u. List the prime factors of 2/(-5) - (y - (-5451)/(-15)).
7, 53
Suppose 0 = g - 4*g - 573. Let l = 44 + g. Let f = -12 - l. List the prime factors of f.
3, 5
Let j(i) = -388 - 27*i + 388. Let l be j(5). Let z = l + 258. List the prime factors of z.
3, 41
Suppose -224*s + 5128916 = -12*s. List the prime factors of s.
13, 1861
Suppose 16*t = 12*t. Suppose t = 9*m - 2386 - 2672. What are the prime factors of m?
2, 281
Suppose 5*c + 6 - 31 = 0. Suppose 4*s = -2*q + 110, s - c*s = 12. Suppose 4*f + v - 295 = 0, -2*f - 4*v + 97 = -q. What are the prime factors of f?
73
Let u(d) = -21*d - 1473. Let f be u(-62). Let z(p) = -9*p**2 + 2*p - 2. Let r be z(3). Let v = r - f. List the prime factors of v.
2, 47
Let d(j) = 67*j + 200. Let i(z) = 69*z + 201. Let n(b) = -5*d(b) + 4*i(b). What are the prime factors of n(-14)?
2, 3, 5, 7
Let l = -16 - -18. Suppose 0 = p - 1, p - 4 = -h + l*p. Suppose h*s = -0*c - c + 250, -3*s - 4*c + 150 = 0. What are the prime factors of s?
2, 5
Suppose -4*l = x - 138782, -76496 - 97004 = -5*l - 5*x. List the prime factors of l.
2, 11, 19, 83
Let k = -8694 + 18718. List the prime factors of k.
2, 7, 179
List the prime factors of 48163 + 16/5*10/4.
3, 16057
Suppose -4*h = 16, -5*d + h + 320 + 31449 = 0. What are the prime factors of d?
6353
Let c = 408 - -321. Let z = -188 + c. What are the prime factors of z?
541
List the prime factors of (-4)/6*(-3)/9 - 79538/(-18).
3, 491
Suppose 0*s = -2*m - 2*s + 13770, 4*s = -2*m + 13784. What are the prime factors of m?
2, 19, 181
Let z = 2372 - -5687. What are the prime factors of z?
8059
What are the prime factors of (-269736)/(-21) - (-2030)/1421?
2, 3, 2141
Let n(j) = j**3 - 3*j**2 + 5*j - 2. Let q be n(2). Let c be 0*(18/4 - q). Suppose 20 = -5*k, -5*w - 2*k + c*k = -477. List the prime factors of w.
97
What are the prime factors of 9/468*-8 + 0 + 8101/13?
7, 89
Let m be (-110)/4*(-2 + 0). Let x be (3/5)/(60/125)*56. Let i = x - m. List the prime factors of i.
3, 5
Let q(m) = 57*m - 111. Let i be q(11). Suppose 1012 = 3*z - 5*h, -4*h - 207 = z - i. List the prime factors of z.
7, 47
Suppose 5*s = 2*q - 1161, 0*q = -2*q - 2*s + 1126. Let f = q + 322. List the prime factors of 6/9 + f/15.
2, 3, 5
Let g(y) = 23*y**2 - y - 47. What are the prime factors of g(24)?
13177
Let g be (-11 - -21)/(-2*(-1)/1). Suppose -5*y = g*h - 5870 - 1190, -y + 1 = 0. List the prime factors of h.
17, 83
List the prime factors of (-78426)/45*180/(-24).
3, 4357
List the prime factors of (-17 + (-291822)/119)*-7.
5, 3457
Let y(x) = -30*x + 244. Let g be y(7). List the prime factors of (-71)/(-2)*14 + (g - 39).
2, 3, 41
Let b(p) = 7*p**2 - 7*p - 6. Let k be (-2)/(-1)*3*4/(-12). Let w be b(k). Let s = 69 - w. What are the prime factors of s?
3, 11
Let z(j) = 7*j - 12. Let y be z(4). Suppose -4*r = -f + 5*f - 596, -y = -4*f. What are the prime factors of r?
5, 29
List the prime factors of (15178/(-4))/((460/40)/(-23)).
7589
Suppose 1420*z - 1424*z = 196. What are the prime factors of (-7)/z*7 + 1204?
5, 241
Let k(t) = 7*t - 23. Suppose o = 4 - 49. Let y = o - -58. List the prime factors of k(y).
2, 17
Suppose -208*j = -16*j + 42*j - 14573286. List the prime factors of j.
7, 31, 41
Let o(p) = 97*p**2 - 4*p + 2. Let s be o(1). Let j = 126 - s. What are the prime factors of (5 - 2) + j - 1?
3, 11
Let b(r) = -87270*r**3 + 166*r**2 + 158*r - 7. What are the prime factors of b(-1)?
197, 443
Let f = 35 + 52. Suppose -r + 2*h = -f, -4*h - 12 + 293 = 3*r. List the prime factors of r.
7, 13
Let v(o) = -o + 360. Let r be (4 + -4)/((-8)/(24/(-9))). List the prime factors of v(r).
2, 3, 5
Let w = -182 + 110. What are the prime factors of 195*(-6 - w/10)?
2, 3, 13
Suppose 10*g = -2*w + 5*g + 18253, 0 = -3*w + 5*g + 27367. List the prime factors of w.
2, 2281
Let h(q) = -1 + 3 - 15 - 2 - q**2 + q. Let u be h(-4). List the prime factors of 6/3*(0 - u).
2, 5, 7
Let w = 15 + -6. Suppose w*u - 7*u + 6 = 0. List the prime factors of (-3 + (-30)/(-1))*(-1)/u.
3
List the prime factors of (-2)/(7/(-14)*(-8)/(-15284)).
2, 3821
Let o(c) = c**2 - 11*c + 53. Let b be o(5). Let s(a) = 19*a + 6